{"id":472,"date":"2019-02-10T14:13:11","date_gmt":"2019-02-10T14:13:11","guid":{"rendered":"http:\/\/wordpress.andreas-pfeiffer.de\/?page_id=472"},"modified":"2019-02-10T14:26:14","modified_gmt":"2019-02-10T14:26:14","slug":"tipps","status":"publish","type":"page","link":"https:\/\/andreas-pfeiffer.de\/?page_id=472","title":{"rendered":"Tipps"},"content":{"rendered":"\n<figure class=\"wp-block-image\"><img loading=\"lazy\" decoding=\"async\" width=\"1024\" height=\"293\" src=\"http:\/\/wordpress.andreas-pfeiffer.de\/wp-content\/uploads\/2019\/02\/feedback-3240007_1920-1024x293.jpg\" alt=\"\" class=\"wp-image-482\" srcset=\"https:\/\/andreas-pfeiffer.de\/wp-content\/uploads\/2019\/02\/feedback-3240007_1920-1024x293.jpg 1024w, https:\/\/andreas-pfeiffer.de\/wp-content\/uploads\/2019\/02\/feedback-3240007_1920-300x86.jpg 300w, https:\/\/andreas-pfeiffer.de\/wp-content\/uploads\/2019\/02\/feedback-3240007_1920-768x220.jpg 768w, https:\/\/andreas-pfeiffer.de\/wp-content\/uploads\/2019\/02\/feedback-3240007_1920.jpg 1920w\" sizes=\"auto, (max-width: 1024px) 100vw, 1024px\" \/><\/figure>\n\n\n<p><u>Meine Tipps f\u00fcr\u00b4s berufsbegleitende Studium: <\/u><\/p>\n<ul>\n<li>Informieren Sie Partner, Familienmitglieder, Freunde und Arbeitgeber \u00fcber das Studium und die daraus resultierenden zeitlichen Einschr\u00e4nkungen in der kommenden Jahren<\/li>\n<li><em>Organisation hilft!<\/em> Sowohl eine Planung der zur Verf\u00fcgung stehenden Zeit, wie auch bei der Ablage im Schrank und auf dem Computer<\/li>\n<li>Sich nicht in Lieblingsthemen verlieren (f\u00fcr nach dem Studium aufheben) und erstmal auf &#8222;Bestehen&#8220; arbeiten.<\/li>\n<li><em>Bleiben Sie \u00b4dran!<\/em> Jeden zweiten Tag sollte man etwas tun &#8211; nicht nur am Wochende (gilt auch f\u00fcr Urlaube!)<\/li>\n<li><em>Technik hilft!<\/em> Sie muss stabil laufen und sollte immer zug\u00e4nglich sein!\n<ul>\n<li>junges Notebook mit Laser-Drucker und schnellem Internetzugang (WLAN f\u00fcr die Uni und UMTS f\u00fcr unterwegst z. B. von Aldi)<\/li>\n<li>Sie brauchen ein aktuelles Office-Paket von Microsoft (alles andere macht Chaos in der Zusammenarbeit mit anderen)<\/li>\n<li>Virenschutz !<\/li>\n<li>externe Datensicherung (wirklich regelm\u00e4\u00dfig und auch den USB-Stick, der ruckzuck verloren oder abgebrochen ist)<\/li>\n<li>Fail-Safe:&nbsp; Am besten hat man noch Zugang zu einem zweiten Computer mit Drucker und Internetzugang<\/li>\n<\/ul>\n<\/li>\n<li><em>Cloud hilft!<\/em> Sowohl f\u00fcr die Zusammenarbeit, als auch f\u00fcr die Datensicherung kann ich den kostenlosen Dropbox-Dienst <a href=\"http:\/\/www.dropbox.com\/\">www.dropbox.com<\/a> empfehlen.<\/li>\n<li><em>Lagerhaltung hilft!<\/em> Immer ein paar leere Ordner, Pakete Druckerpapier, Patronen\/Toner usw. im Vorrat haben<\/li>\n<li><em>Platz hilft! <\/em>B\u00fccher und Ordner brauchen mind. zwei Regalmeter<\/li>\n<li>Suchen Sie sich schnell Kommilitonen mit einem \u00e4hnlichen Arbeitsstil und Belastbarkeit<\/li>\n<li><em>Zeit ist beruhigend! <\/em>Verplanen sie nicht ihre gesamte Woche und Jahresurlaub<\/li>\n<li><em>Geld ist ebenfalls beruhigend! <\/em>Manche Entlastungen sind k\u00e4uflich &#8211; Beispiel: Mein Copy-Shop druckt, sortiert und locht alles, was ich ihm als PDF maile<\/li>\n<li><em>Ausgleich ist wichtig! <\/em>Ja, es ist eine Belastung! Deshalb ben\u00f6tigt man einen geregelten Ausgleich (Bet\u00e4tigungsbalance!) &#8211; ich mache Tai Chi, fahre mehr mit dem Fahrrad und meditiere<\/li>\n<li><em>Bahn hilft!<\/em> Man muss immer viel lesen &#8211; ich mache das in der Bahn und fahre weniger Auto<\/li>\n<\/ul>\n<p>Diese Tipps sind als meine pers\u00f6nliche, subjektive und unvollst\u00e4ndige Sammlung zu betrachten!<\/p>","protected":false},"excerpt":{"rendered":"<p>Meine Tipps f\u00fcr\u00b4s berufsbegleitende Studium: Informieren Sie Partner, Familienmitglieder, Freunde und Arbeitgeber \u00fcber das Studium und die daraus resultierenden zeitlichen Einschr\u00e4nkungen in der kommenden Jahren Organisation hilft! Sowohl eine Planung der zur Verf\u00fcgung stehenden Zeit, wie auch bei der Ablage im Schrank und auf dem Computer Sich nicht in Lieblingsthemen verlieren (f\u00fcr nach dem Studium [&hellip;]<\/p>\n","protected":false},"author":1,"featured_media":0,"parent":0,"menu_order":0,"comment_status":"closed","ping_status":"closed","template":"","meta":{"footnotes":""},"class_list":["post-472","page","type-page","status-publish","hentry"],"yoast_head":"<!-- This site is optimized with the Yoast SEO plugin v27.4 - https:\/\/yoast.com\/product\/yoast-seo-wordpress\/ -->\n<title>Tipps - Andreas Pfeiffer<\/title>\n<meta name=\"robots\" content=\"index, follow, max-snippet:-1, max-image-preview:large, max-video-preview:-1\" \/>\n<link rel=\"canonical\" href=\"https:\/\/andreas-pfeiffer.de\/?page_id=472\" \/>\n<meta property=\"og:locale\" content=\"de_DE\" \/>\n<meta property=\"og:type\" content=\"article\" \/>\n<meta property=\"og:title\" content=\"Tipps - Andreas Pfeiffer\" \/>\n<meta property=\"og:description\" content=\"Meine Tipps f\u00fcr\u00b4s berufsbegleitende Studium: Informieren Sie Partner, Familienmitglieder, Freunde und Arbeitgeber \u00fcber das Studium und die daraus resultierenden zeitlichen Einschr\u00e4nkungen in der kommenden Jahren Organisation hilft! Sowohl eine Planung der zur Verf\u00fcgung stehenden Zeit, wie auch bei der Ablage im Schrank und auf dem Computer Sich nicht in Lieblingsthemen verlieren (f\u00fcr nach dem Studium [&hellip;]\" \/>\n<meta property=\"og:url\" content=\"https:\/\/andreas-pfeiffer.de\/?page_id=472\" \/>\n<meta property=\"og:site_name\" content=\"Andreas Pfeiffer\" \/>\n<meta property=\"article:modified_time\" content=\"2019-02-10T14:26:14+00:00\" \/>\n<meta property=\"og:image\" content=\"http:\/\/wordpress.andreas-pfeiffer.de\/wp-content\/uploads\/2019\/02\/feedback-3240007_1920-1024x293.jpg\" \/>\n<meta name=\"twitter:card\" content=\"summary_large_image\" \/>\n<meta name=\"twitter:label1\" content=\"Gesch\u00e4tzte Lesezeit\" \/>\n\t<meta name=\"twitter:data1\" content=\"2\u00a0Minuten\" \/>\n<script type=\"application\/ld+json\" class=\"yoast-schema-graph\">{\"@context\":\"https:\\\/\\\/schema.org\",\"@graph\":[{\"@type\":\"WebPage\",\"@id\":\"https:\\\/\\\/andreas-pfeiffer.de\\\/?page_id=472\",\"url\":\"https:\\\/\\\/andreas-pfeiffer.de\\\/?page_id=472\",\"name\":\"Tipps - Andreas Pfeiffer\",\"isPartOf\":{\"@id\":\"https:\\\/\\\/andreas-pfeiffer.de\\\/#website\"},\"primaryImageOfPage\":{\"@id\":\"https:\\\/\\\/andreas-pfeiffer.de\\\/?page_id=472#primaryimage\"},\"image\":{\"@id\":\"https:\\\/\\\/andreas-pfeiffer.de\\\/?page_id=472#primaryimage\"},\"thumbnailUrl\":\"http:\\\/\\\/wordpress.andreas-pfeiffer.de\\\/wp-content\\\/uploads\\\/2019\\\/02\\\/feedback-3240007_1920-1024x293.jpg\",\"datePublished\":\"2019-02-10T14:13:11+00:00\",\"dateModified\":\"2019-02-10T14:26:14+00:00\",\"breadcrumb\":{\"@id\":\"https:\\\/\\\/andreas-pfeiffer.de\\\/?page_id=472#breadcrumb\"},\"inLanguage\":\"de\",\"potentialAction\":[{\"@type\":\"ReadAction\",\"target\":[\"https:\\\/\\\/andreas-pfeiffer.de\\\/?page_id=472\"]}]},{\"@type\":\"ImageObject\",\"inLanguage\":\"de\",\"@id\":\"https:\\\/\\\/andreas-pfeiffer.de\\\/?page_id=472#primaryimage\",\"url\":\"http:\\\/\\\/wordpress.andreas-pfeiffer.de\\\/wp-content\\\/uploads\\\/2019\\\/02\\\/feedback-3240007_1920-1024x293.jpg\",\"contentUrl\":\"http:\\\/\\\/wordpress.andreas-pfeiffer.de\\\/wp-content\\\/uploads\\\/2019\\\/02\\\/feedback-3240007_1920-1024x293.jpg\"},{\"@type\":\"BreadcrumbList\",\"@id\":\"https:\\\/\\\/andreas-pfeiffer.de\\\/?page_id=472#breadcrumb\",\"itemListElement\":[{\"@type\":\"ListItem\",\"position\":1,\"name\":\"Startseite\",\"item\":\"https:\\\/\\\/andreas-pfeiffer.de\\\/\"},{\"@type\":\"ListItem\",\"position\":2,\"name\":\"Tipps\"}]},{\"@type\":\"WebSite\",\"@id\":\"https:\\\/\\\/andreas-pfeiffer.de\\\/#website\",\"url\":\"https:\\\/\\\/andreas-pfeiffer.de\\\/\",\"name\":\"Andreas Pfeiffer\",\"description\":\"Ergotherapeut\",\"publisher\":{\"@id\":\"https:\\\/\\\/andreas-pfeiffer.de\\\/#\\\/schema\\\/person\\\/faf4c19532443b2c6dab5f647e1e4a99\"},\"potentialAction\":[{\"@type\":\"SearchAction\",\"target\":{\"@type\":\"EntryPoint\",\"urlTemplate\":\"https:\\\/\\\/andreas-pfeiffer.de\\\/?s={search_term_string}\"},\"query-input\":{\"@type\":\"PropertyValueSpecification\",\"valueRequired\":true,\"valueName\":\"search_term_string\"}}],\"inLanguage\":\"de\"},{\"@type\":[\"Person\",\"Organization\"],\"@id\":\"https:\\\/\\\/andreas-pfeiffer.de\\\/#\\\/schema\\\/person\\\/faf4c19532443b2c6dab5f647e1e4a99\",\"name\":\"Andreas Pfeiffer\",\"image\":{\"@type\":\"ImageObject\",\"inLanguage\":\"de\",\"@id\":\"http:\\\/\\\/andreas-pfeiffer.de\\\/wp-content\\\/uploads\\\/2019\\\/02\\\/Bild2018.jpg\",\"url\":\"http:\\\/\\\/andreas-pfeiffer.de\\\/wp-content\\\/uploads\\\/2019\\\/02\\\/Bild2018.jpg\",\"contentUrl\":\"http:\\\/\\\/andreas-pfeiffer.de\\\/wp-content\\\/uploads\\\/2019\\\/02\\\/Bild2018.jpg\",\"width\":1072,\"height\":712,\"caption\":\"Andreas Pfeiffer\"},\"logo\":{\"@id\":\"http:\\\/\\\/andreas-pfeiffer.de\\\/wp-content\\\/uploads\\\/2019\\\/02\\\/Bild2018.jpg\"}}]}<\/script>\n<!-- \/ Yoast SEO plugin. -->","yoast_head_json":{"title":"Tipps - Andreas Pfeiffer","robots":{"index":"index","follow":"follow","max-snippet":"max-snippet:-1","max-image-preview":"max-image-preview:large","max-video-preview":"max-video-preview:-1"},"canonical":"https:\/\/andreas-pfeiffer.de\/?page_id=472","og_locale":"de_DE","og_type":"article","og_title":"Tipps - Andreas Pfeiffer","og_description":"Meine Tipps f\u00fcr\u00b4s berufsbegleitende Studium: Informieren Sie Partner, Familienmitglieder, Freunde und Arbeitgeber \u00fcber das Studium und die daraus resultierenden zeitlichen Einschr\u00e4nkungen in der kommenden Jahren Organisation hilft! Sowohl eine Planung der zur Verf\u00fcgung stehenden Zeit, wie auch bei der Ablage im Schrank und auf dem Computer Sich nicht in Lieblingsthemen verlieren (f\u00fcr nach dem Studium [&hellip;]","og_url":"https:\/\/andreas-pfeiffer.de\/?page_id=472","og_site_name":"Andreas Pfeiffer","article_modified_time":"2019-02-10T14:26:14+00:00","og_image":[{"url":"http:\/\/wordpress.andreas-pfeiffer.de\/wp-content\/uploads\/2019\/02\/feedback-3240007_1920-1024x293.jpg","type":"","width":"","height":""}],"twitter_card":"summary_large_image","twitter_misc":{"Gesch\u00e4tzte Lesezeit":"2\u00a0Minuten"},"schema":{"@context":"https:\/\/schema.org","@graph":[{"@type":"WebPage","@id":"https:\/\/andreas-pfeiffer.de\/?page_id=472","url":"https:\/\/andreas-pfeiffer.de\/?page_id=472","name":"Tipps - Andreas Pfeiffer","isPartOf":{"@id":"https:\/\/andreas-pfeiffer.de\/#website"},"primaryImageOfPage":{"@id":"https:\/\/andreas-pfeiffer.de\/?page_id=472#primaryimage"},"image":{"@id":"https:\/\/andreas-pfeiffer.de\/?page_id=472#primaryimage"},"thumbnailUrl":"http:\/\/wordpress.andreas-pfeiffer.de\/wp-content\/uploads\/2019\/02\/feedback-3240007_1920-1024x293.jpg","datePublished":"2019-02-10T14:13:11+00:00","dateModified":"2019-02-10T14:26:14+00:00","breadcrumb":{"@id":"https:\/\/andreas-pfeiffer.de\/?page_id=472#breadcrumb"},"inLanguage":"de","potentialAction":[{"@type":"ReadAction","target":["https:\/\/andreas-pfeiffer.de\/?page_id=472"]}]},{"@type":"ImageObject","inLanguage":"de","@id":"https:\/\/andreas-pfeiffer.de\/?page_id=472#primaryimage","url":"http:\/\/wordpress.andreas-pfeiffer.de\/wp-content\/uploads\/2019\/02\/feedback-3240007_1920-1024x293.jpg","contentUrl":"http:\/\/wordpress.andreas-pfeiffer.de\/wp-content\/uploads\/2019\/02\/feedback-3240007_1920-1024x293.jpg"},{"@type":"BreadcrumbList","@id":"https:\/\/andreas-pfeiffer.de\/?page_id=472#breadcrumb","itemListElement":[{"@type":"ListItem","position":1,"name":"Startseite","item":"https:\/\/andreas-pfeiffer.de\/"},{"@type":"ListItem","position":2,"name":"Tipps"}]},{"@type":"WebSite","@id":"https:\/\/andreas-pfeiffer.de\/#website","url":"https:\/\/andreas-pfeiffer.de\/","name":"Andreas Pfeiffer","description":"Ergotherapeut","publisher":{"@id":"https:\/\/andreas-pfeiffer.de\/#\/schema\/person\/faf4c19532443b2c6dab5f647e1e4a99"},"potentialAction":[{"@type":"SearchAction","target":{"@type":"EntryPoint","urlTemplate":"https:\/\/andreas-pfeiffer.de\/?s={search_term_string}"},"query-input":{"@type":"PropertyValueSpecification","valueRequired":true,"valueName":"search_term_string"}}],"inLanguage":"de"},{"@type":["Person","Organization"],"@id":"https:\/\/andreas-pfeiffer.de\/#\/schema\/person\/faf4c19532443b2c6dab5f647e1e4a99","name":"Andreas Pfeiffer","image":{"@type":"ImageObject","inLanguage":"de","@id":"http:\/\/andreas-pfeiffer.de\/wp-content\/uploads\/2019\/02\/Bild2018.jpg","url":"http:\/\/andreas-pfeiffer.de\/wp-content\/uploads\/2019\/02\/Bild2018.jpg","contentUrl":"http:\/\/andreas-pfeiffer.de\/wp-content\/uploads\/2019\/02\/Bild2018.jpg","width":1072,"height":712,"caption":"Andreas Pfeiffer"},"logo":{"@id":"http:\/\/andreas-pfeiffer.de\/wp-content\/uploads\/2019\/02\/Bild2018.jpg"}}]}},"_links":{"self":[{"href":"https:\/\/andreas-pfeiffer.de\/index.php?rest_route=\/wp\/v2\/pages\/472","targetHints":{"allow":["GET"]}}],"collection":[{"href":"https:\/\/andreas-pfeiffer.de\/index.php?rest_route=\/wp\/v2\/pages"}],"about":[{"href":"https:\/\/andreas-pfeiffer.de\/index.php?rest_route=\/wp\/v2\/types\/page"}],"author":[{"embeddable":true,"href":"https:\/\/andreas-pfeiffer.de\/index.php?rest_route=\/wp\/v2\/users\/1"}],"replies":[{"embeddable":true,"href":"https:\/\/andreas-pfeiffer.de\/index.php?rest_route=%2Fwp%2Fv2%2Fcomments&post=472"}],"version-history":[{"count":5,"href":"https:\/\/andreas-pfeiffer.de\/index.php?rest_route=\/wp\/v2\/pages\/472\/revisions"}],"predecessor-version":[{"id":483,"href":"https:\/\/andreas-pfeiffer.de\/index.php?rest_route=\/wp\/v2\/pages\/472\/revisions\/483"}],"wp:attachment":[{"href":"https:\/\/andreas-pfeiffer.de\/index.php?rest_route=%2Fwp%2Fv2%2Fmedia&parent=472"}],"curies":[{"name":"wp","href":"https:\/\/api.w.org\/{rel}","templated":true}]}}